21
What is 2000 (base 4) in base 15?
88
Convert ab9 (base 12) to base 16.
62d
-1452a (base 11) to base 7
-114031
-110210303 (base 4) to base 8
-244463
What is -dd6 (base 16) in base 8?
-6726
Convert 120122020 (base 3) to base 7.
45144
-3134 (base 5) to base 6
-1535
-1001011110110111 (base 2) to base 15
-b794
Convert 4874 (base 9) to base 13.
1864
What is -3435 (base 6) in base 16?
-32f
What is 10000001 (base 2) in base 14?
93
Convert -b1e (base 16) to base 4.
-230132
Convert 56d (base 16) to base 11.
1053
d58 (base 16) to base 7
12650
Convert 22133323 (base 4) to base 14.
11959
Convert -12287 (base 13) to base 12.
-173b8
Convert 21322 (base 7) to base 12.
30a4
213332 (base 7) to base 12
19652
What is 1010001101110 (base 2) in base 15?
183a
Convert -2282 (base 12) to base 2.
-111100000010
What is -10011111111 (base 2) in base 12?
-8a7
Convert -601 (base 13) to base 10.
-1015
-842 (base 9) to base 5
-10221
1033332 (base 6) to base 16
c878
31a4 (base 11) to base 6
31324
Convert 172 (base 9) to base 3.
12102
What is 19bd (base 14) in base 7?
16426
349 (base 13) to base 6
2344
Convert 173b (base 15) to base 9.
6772
What is c5db (base 15) in base 7?
232646
Convert e83 (base 15) to base 12.
1a89
-3002 (base 5) to base 13
-230
1003110 (base 4) to base 7
15363
Convert 5898 (base 11) to base 3.
101121022
Convert -2343 (base 10) to base 11.
-1840
What is 49108 (base 11) in base 5?
4230142
What is 10010101 (base 2) in base 9?
175
What is -135 (base 6) in base 8?
-73
-1163 (base 8) to base 16
-273
What is 539 (base 13) in base 14?
47b
What is 200012 (base 3) in base 9?
605
Convert 313333 (base 4) to base 7.
13306
What is 329 (base 11) in base 8?
612
Convert b56 (base 12) to base 15.
750
-2532 (base 8) to base 16
-55a
What is -3213 (base 9) in base 2?
-100100111001
What is -13151 (base 9) in base 7?
-34606
What is -25146 (base 7) in base 9?
-10043
-100121201 (base 3) to base 4
-1231210
What is -1679 (base 11) in base 16?
-85f
2d9 (base 15) to base 4
22032
What is -1164 (base 14) in base 16?
-bd4
What is 23405 (base 6) in base 12?
1b65
What is -105a (base 11) in base 8?
-2564
What is -216 (base 8) in base 14?
-a2
5b8 (base 12) to base 2
1101011100
a (base 12) to base 13
a
74 (base 11) to base 6
213
What is b (base 14) in base 9?
12
What is -113103 (base 4) in base 10?
-1491
Convert -22211 (base 3) to base 5.
-1423
-43aa (base 14) to base 9
-17055
Convert 1037 (base 8) to base 9.
663
Convert -865 (base 13) to base 9.
-1864
-11464 (base 7) to base 14
-1134
Convert -3471 (base 14) to base 11.
-6937
-102111021 (base 3) to base 9
-12437
Convert -5422 (base 9) to base 5.
-111424
Convert 1100423 (base 5) to base 12.
aabb
61fd (base 16) to base 10
25085
Convert -1b4d (base 14) to base 11.
-3808
Convert -2062 (base 13) to base 10.
-4474
What is -124 (base 5) in base 6?
-103
What is -4321 (base 7) in base 3?
-2002211
11220020 (base 3) to base 7
13260
What is -3e21 (base 16) in base 7?
-64241
Convert -31311 (base 4) to base 6.
-4033
12682 (base 9) to base 16
2183
255 (base 9) to base 5
1322
What is -1011011001 (base 2) in base 3?
-1000000
What is -110111011010 (base 2) in base 4?
-313122
Convert -2214 (base 7) to base 15.
-380
-914 (base 11) to base 4
-101100
-105 (base 11) to base 16
-7e
What is -83988 (base 10) in base 12?
-40730
Convert 2316 (base 10) to base 2.
100100001100
11100010000000 (base 2) to base 12
8454
What is 1496 (base 11) in base 5?
30140
77405 (base 9) to base 5
3120414
3333 (base 5) to base 2
111010100
-15113 (base 11) to base 4
-11032313
Convert -30333233 (base 4) to base 6.
-1050235
Convert -7e0 (base 15) to base 2.
-11011111001
-78 (base 16) to base 12
-a0
What is 110100101 (base 2) in base 7?
1141
-374 (base 8) to base 12
-190
16a (base 16) to base 3
111102
Convert -34424 (base 8) to base 16.
-3914
What is -1141 (base 5) in base 16?
-ab
-431 (base 16) to base 3
-1110202
cc30 (base 15) to base 4
22203231
What is 8756 (base 12) in base 7?
61302
What is -17e (base 16) in base 6?
-1434
Convert 42604 (base 8) to base 10.
17796
Convert 1011011011111 (base 2) to base 11.
4443
17749 (base 11) to base 13
b412
Convert 4b (base 15) to base 7.
131
What is -369 (base 16) in base 9?
-1170
1019a (base 14) to base 4
21131130
-5484 (base 15) to base 7
-103120
Convert -1014 (base 5) to base 9.
-158
What is 161c8 (base 13) in base 4?
22101130
Convert 2dd (base 16) to base 2.
1011011101
What is 12022002 (base 4) in base 15?
7713
What is -223201 (base 4) in base 5?
-42120
Convert -141503 (base 6) to base 15.
-3e59
What is -da5 (base 14) in base 16?
-a85
Convert -1121201 (base 3) to base 4.
-102130
What is a1 (base 13) in base 4?
2003
-1672 (base 8) to base 7
-2532
Convert -11 (base 4) to base 11.
-5
What is -11431 (base 6) in base 11?
-1293
388 (base 11) to base 6
2043
18a11 (base 11) to base 13
c0b4
What is -417 (base 8) in base 16?
-10f
What is 355441 (base 6) in base 3?
1120121021
11003 (base 4) to base 14
191
3b0 (base 13) to base 8
1212
What is -690 (base 13) in base 2?
-10001101011
-1304 (base 5) to base 3
-21120
What is -8378 (base 11) in base 8?
-25530
Convert -1000001100001100 (base 2) to base 5.
-2033143
What is 10101010010 (base 2) in base 9?
1773
What is -35c1 (base 13) in base 15?
-23b3
What is 2361 (base 7) in base 8?
1554
6613 (base 9) to base 5
123442
What is 56632 (base 9) in base 3?
1220201002
What is b26 (base 15) in base 8?
4717
Convert 2105 (base 15) to base 10.
6980
What is -1120201 (base 3) in base 12?
-801
What is -10616 (base 9) in base 11?
-5340
-12 (base 9) to base 3
-102
Convert -426 (base 9) to base 5.
-2343
What is -12635 (base 7) in base 2?
-110101001111
What is 220 (base 12) in base 6?
1240
Convert -324162 (base 7) to base 16.
-dd70
What is 20a (base 16) in base 4?
20022
-b5b (base 12) to base 6
-11355
What is 28c9 (base 15) in base 9?
12880
7df (base 16) to base 6
13155
Convert 35679 (base 10) to base 9.
53843
-31304 (base 8) to base 4
-3023010
What is 1062 (base 7) in base 11?
322
-1b1 (base 15) to base 3
-112111
-12583 (base 10) to base 2
-11000100100111
What is -110201010 (base 3) in base 10?
-9264
What is 23064 (base 9) in base 14?
5859
What is -520 (base 9) in base 3?
-120200
20022221 (base 3) to base 13
2140
Convert a500 (base 11) to base 10.
13915
What is -671 (base 8) in base 16?
-1b9
Convert -41043 (base 5) to base 15.
-bb8
Convert -1b2 (base 16) to base 6.
-2002
What is 1728 (base 10) in base 12?
1000
Convert 2a22 (base 13) to base 11.
4657
-4c9 (base 14) to base 15
-441
What is 133 (base 5) in base 7?
61
What is 1ec4 (base 15) in base 10?
6709
What is -271 (base 8) in base 9?
-225
What is 388 (base 9) in base 14?
191
Convert 230 (base 9) to base 10.
189
-23172 (base 8) to base 3
-111111211
Convert -d52 (base 14) to base 3.
-10121001
Convert 76b (base 12) to base 4.
101003
Convert 236 (base 7) to base 10.
125
375 (base 10) to base 13
22b
What is -20ac (base 13) in base 16?
-11b8
What is 244 (base 9) in base 8?
312
Convert 11140 (base 12) to base 14.
8384
-282e (base 15) to base 9
-12708
703 (base 12) to base 9
1343
What is -6a04 (base 11) in base 2?
-10001111110000
5210 (base 12) to base 6
105220
Convert -1542 (base 12) to base 13.
-11a2
-5516 (base 7) to base 4
-132311
Convert -334 (base 12) to base 13.
-2a4
What is -a22 (base 11) in base 7?
-3412
101000111110001 (base 2) to base 7
115105
85b (base 16) to base 13
c87
What is -17b (base 12) in base 4?
-3233
Convert 3415 (base 9) to base 14.
cc5
-33133 (base 6) to base 14
-1961
What is 39a (base 11) in base 2?
111011000
Convert -20a2 (base 14) to base 8.
-12776
Convert 3a4 (base 13) to base 5.
10031
What is -374 (base 11) in base 12?
-310
-bca (base 15) to base 12
-1661
10809 (base 10) to base 12
6309
Convert 7ab (base 12) to base 8.
2163
-52000 (base 9) to base 8
-102727
What is -220031 (base 5) in base 16?
-1d5c
Convert -9ca6 (base 14) to base 4.
-12220322
Convert -10100010001010 (base 2) to base 4.
-2202022
What is 401 (base 12) in base 5?
4302
-27162 (base 12) to base 15
-10e0b
Convert 151337 (base 8) to base 6.
1053531
Convert 12033 (base 4) to base 11.
333
Convert -a1 (base 14) to base 12.
-b9
Convert 22442 (base 5) to base 15.
732
401 (base 8) to base 11
214
Convert -38c (base 15) to base 13.
-4a1
Convert -9138 (base 10) to base 9.
-13473
What is 969 (base 12) in